 is 1223 (base 5) in base 4?
2330
What is -8610 (base 13) in base 12?
-a923
What is 1123 (base 5) in base 4?
2203
What is -8904 (base 11) in base 3?
-121002212
What is -21202 (base 4) in base 9?
-747
-2003 (base 5) to base 11
-210
Convert -6323 (base 7) to base 5.
-32342
Convert 5b7 (base 15) to base 8.
2421
What is 1551 (base 8) in base 3?
1012100
What is -111104 (base 5) in base 14?
-15cc
What is -5243 (base 6) in base 11?
-982
What is 8932 (base 10) in base 13?
40b1
Convert -2545 (base 7) to base 16.
-3c4
What is 12110222 (base 3) in base 15?
12b5
2a924 (base 11) to base 15
ce3c
What is 6966 (base 10) in base 4?
1230312
-14015 (base 15) to base 2
-1111101010010001
What is -32345 (base 7) in base 14?
-2d25
What is -6310 (base 10) in base 3?
-22122201
41 (base 5) to base 4
111
431 (base 9) to base 12
254
Convert 1a1c (base 13) to base 5.
111122
Convert -21424 (base 6) to base 2.
-101110011000
What is -21123011 (base 4) in base 12?
-1a405
Convert -21212 (base 5) to base 14.
-744
What is -33019 (base 11) in base 9?
-72672
Convert 5858 (base 11) to base 12.
4546
Convert -2523 (base 9) to base 2.
-11101011100
What is -75e (base 15) in base 8?
-3200
Convert 3403 (base 5) to base 13.
2aa
What is 1351 (base 7) in base 15?
251
What is d12e (base 15) in base 9?
66488
-71c (base 13) to base 4
-102320
Convert -100011100 (base 2) to base 16.
-11c
What is 1001000102 (base 3) in base 15?
60b8
Convert b5a (base 12) to base 14.
862
-202 (base 3) to base 2
-10100
Convert 1e0b (base 15) to base 3.
22222002
Convert 5896 (base 10) to base 9.
8071
Convert -9b34 (base 16) to base 4.
-21230310
-1212101 (base 3) to base 2
-10101010000
Convert -20032 (base 4) to base 16.
-20e
346c (base 13) to base 3
101002111
-41 (base 15) to base 16
-3d
-101110001001000 (base 2) to base 10
-23624
Convert a0dd (base 14) to base 11.
19843
Convert -5bb (base 12) to base 13.
-515
What is 6257 (base 12) in base 15?
329d
What is 3225 (base 11) in base 10?
4262
Convert -9759 (base 10) to base 7.
-40311
-93b (base 15) to base 8
-4041
-9a2 (base 14) to base 3
-2121121
Convert 35a (base 12) to base 16.
1f6
-220120 (base 3) to base 4
-22113
Convert -159a (base 15) to base 7.
-16354
527 (base 13) to base 16
36e
Convert 5506 (base 13) to base 10.
11836
What is -160 (base 16) in base 14?
-1b2
Convert -597 (base 13) to base 16.
-3c9
-1010321 (base 4) to base 11
-3349
Convert 8918 (base 14) to base 12.
118a2
-110 (base 3) to base 5
-22
What is 12000222 (base 3) in base 14?
14a3
-21512 (base 6) to base 3
-11002222
-1010 (base 7) to base 3
-110222
-6776 (base 10) to base 3
-100021222
What is 2132 (base 4) in base 14?
b4
16597 (base 10) to base 11
11519
Convert -43424 (base 5) to base 8.
-5655
Convert -5271 (base 8) to base 15.
-c30
-801 (base 10) to base 3
-1002200
Convert -236b (base 12) to base 6.
-30215
Convert -9476 (base 11) to base 5.
-400141
-1002 (base 4) to base 13
-51
Convert 58 (base 12) to base 11.
62
-5654 (base 11) to base 4
-1310100
What is 2a0 (base 15) in base 3?
211020
104151 (base 6) to base 7
34246
Convert 1200 (base 6) to base 4.
10200
Convert -2100 (base 7) to base 8.
-1337
-101223 (base 4) to base 8
-2153
Convert 11100100111 (base 2) to base 13.
aab
Convert 10001101101110 (base 2) to base 14.
343c
777 (base 12) to base 6
5031
-211211 (base 5) to base 4
-1232100
What is -544 (base 11) in base 15?
-2d8
864 (base 13) to base 15
659
-2383 (base 15) to base 11
-5742
-1001001000110 (base 2) to base 11
-3573
What is d7 (base 15) in base 11?
174
-c73 (base 16) to base 4
-301303
29 (base 14) to base 8
45
What is 101000100001 (base 2) in base 6?
20001
Convert -22120 (base 6) to base 15.
-d9c
Convert -3445 (base 8) to base 3.
-2111202
Convert 8b1 (base 15) to base 9.
2624
What is -110100011 (base 2) in base 10?
-419
123123 (base 4) to base 6
12043
Convert -ad2 (base 14) to base 13.
-c8c
-1111100111010 (base 2) to base 16
-1f3a
What is -223466 (base 7) in base 4?
-21230021
Convert 6258 (base 9) to base 13.
2120
-1110 (base 4) to base 2
-1010100
Convert -566 (base 15) to base 8.
-2305
14420 (base 6) to base 2
100100001100
What is 11b61 (base 13) in base 9?
48758
Convert 1427 (base 9) to base 15.
4bd
619 (base 15) to base 10
1374
What is -60d (base 14) in base 10?
-1189
Convert 8579 (base 10) to base 4.
2012003
-1005 (base 7) to base 13
-20a
-10000100 (base 2) to base 12
-b0
Convert 211202010 (base 3) to base 15.
4da6
-33201 (base 5) to base 2
-100011111101
27727 (base 11) to base 12
1aa17
Convert -101011101111 (base 2) to base 15.
-c69
Convert 2021202110 (base 3) to base 2.
1010111111011101
What is -2141233 (base 5) in base 8?
-110314
Convert -8002 (base 16) to base 10.
-32770
What is -112120 (base 3) in base 16?
-189
What is 1ad5 (base 16) in base 9?
10372
Convert 1001010111101101 (base 2) to base 13.
14615
-14458 (base 9) to base 5
-303404
Convert -11100011111001 (base 2) to base 10.
-14585
Convert -22032 (base 4) to base 16.
-28e
608a (base 12) to base 14
3b62
-2102233 (base 4) to base 7
-36244
1ba (base 16) to base 4
12322
-104430 (base 6) to base 10
-8802
What is -1340 (base 8) in base 12?
-514
Convert -11955 (base 12) to base 10.
-23825
10136 (base 9) to base 10
6675
What is 11012 (base 4) in base 10?
326
Convert -19440 (base 11) to base 16.
-6a0c
Convert -74 (base 16) to base 13.
-8c
Convert 3479 (base 10) to base 13.
1778
222221 (base 3) to base 14
39d
Convert -3213202 (base 5) to base 9.
-82276
Convert -4edd (base 16) to base 5.
-1121224
What is -225545 (base 6) in base 10?
-19433
Convert -20b5 (base 12) to base 15.
-10e8
What is -30651 (base 7) in base 9?
-11300
Convert 24243 (base 5) to base 15.
818
Convert 23021 (base 4) to base 3.
222102
What is 6515 (base 11) in base 8?
20637
Convert -5ba8 (base 12) to base 7.
-42116
Convert 4384 (base 16) to base 4.
10032010
Convert -443 (base 6) to base 9.
-210
What is -5532 (base 7) in base 10?
-1983
What is -8c (base 13) in base 10?
-116
What is -5dc7 (base 14) in base 2?
-100000000111011
Convert 1116 (base 12) to base 4.
131202
What is 23441 (base 5) in base 4?
123102
Convert -6968 (base 16) to base 13.
-c389
What is -290 (base 14) in base 15?
-248
What is 131434 (base 5) in base 12?
3050
-1081 (base 12) to base 11
-140a
What is -5 (base 12) in base 11?
-5
What is 122 (base 11) in base 12?
101
-2315 (base 8) to base 13
-737
-1726 (base 12) to base 16
-ace
Convert -2703 (base 9) to base 11.
-1584
-705 (base 10) to base 7
-2025
What is 7145 (base 11) in base 15?
2c27
Convert -149 (base 14) to base 10.
-261
Convert 4a (base 16) to base 6.
202
Convert -4628 (base 10) to base 2.
-1001000010100
What is -1072 (base 13) in base 7?
-6451
50 (base 14) to base 7
130
What is -3456 (base 9) in base 2?
-101000000010
What is -15c0 (base 14) in base 12?
-2304
What is 111101100 (base 2) in base 11?
408
Convert -2234 (base 12) to base 15.
-11c4
What is -aca (base 16) in base 12?
-1722
Convert -2cb (base 15) to base 7.
-1604
-22020111 (base 3) to base 11
-4571
What is 7d69 (base 14) in base 15?
6719
What is 4202 (base 7) in base 6?
10452
What is 9 (base 12) in base 13?
9
Convert -323023 (base 4) to base 8.
-7313
-306356 (base 7) to base 15
-10912
-2343 (base 5) to base 14
-1ac
Convert -3a (base 12) to base 15.
-31
What is -22233 (base 4) in base 12?
-493
135505 (base 6) to base 8
31201
1101011110101 (base 2) to base 6
51541
Convert -1662 (base 12) to base 14.
-d86
Convert 30331 (base 4) to base 16.
33d
6f26 (base 16) to base 14
a526
-32302 (base 4) to base 14
-4b8
What is -313 (base 8) in base 10?
-203
Convert -110302020 (base 4) to base 6.
-1454040
-31110 (base 4) to base 9
-1146
Convert 100101111101 (base 2) to base 5.
34204
11401 (base 7) to base 5
43231
What is -21011 (base 7) in base 2?
-1010000100001
What is 15d (base 15) in base 2?
100111001
-1b185 (base 12) to base 13
-15281
What is -100010001101101 (base 2) in base 12?
-a179
Convert -6506 (base 7) to base 14.
-bad
What is 632 (base 7) in base 5?
2232
What is 33473 (base 11) in base 12?
24080
6040 (base 7) to base 12
125a
17583 (base 10) to base 12
a213
Convert 16251 (base 7) to base 4.
1013301
Convert -1801 (base 13) to base 10.
-3550
Convert -a6b7 (base 12) to base 9.
-27064
What is 508 (base 11) in base 15?
2ad
Convert -36a (base 11) to base 5.
-3224
What is 1f52 (base 16) in base 7?
32243
